{"id":1939,"date":"2022-02-04T11:01:29","date_gmt":"2022-02-04T09:01:29","guid":{"rendered":"https:\/\/www.arundegschicht.at\/axams\/?page_id=1939"},"modified":"2022-05-16T13:03:33","modified_gmt":"2022-05-16T12:03:33","slug":"kreativitaetstraining","status":"publish","type":"page","link":"https:\/\/www.arundegschicht.at\/axams\/coaching\/kreativitaetstraining\/","title":{"rendered":"Kreativit\u00e4tstraining"},"content":{"rendered":"<p><a href=\"https:\/\/www.arundegschicht.at\/axams\/wp-content\/uploads\/2022\/02\/wood-g4b0f65252_1920.jpg\"><img loading=\"lazy\" decoding=\"async\" class=\" wp-image-1940 aligncenter\" src=\"https:\/\/www.arundegschicht.at\/axams\/wp-content\/uploads\/2022\/02\/wood-g4b0f65252_1920-300x106.jpg\" alt=\"\" width=\"668\" height=\"236\" srcset=\"https:\/\/www.arundegschicht.at\/axams\/wp-content\/uploads\/2022\/02\/wood-g4b0f65252_1920-300x106.jpg 300w, https:\/\/www.arundegschicht.at\/axams\/wp-content\/uploads\/2022\/02\/wood-g4b0f65252_1920-1024x361.jpg 1024w, https:\/\/www.arundegschicht.at\/axams\/wp-content\/uploads\/2022\/02\/wood-g4b0f65252_1920-768x270.jpg 768w, https:\/\/www.arundegschicht.at\/axams\/wp-content\/uploads\/2022\/02\/wood-g4b0f65252_1920-1536x541.jpg 1536w, https:\/\/www.arundegschicht.at\/axams\/wp-content\/uploads\/2022\/02\/wood-g4b0f65252_1920.jpg 1920w\" sizes=\"(max-width: 668px) 100vw, 668px\" \/><\/a> Um im Leben flexibler handeln zu k\u00f6nnen, ben\u00f6tigen wir einen Zugang zu kreativem Denken. Kreativit\u00e4t ist angeboren und l\u00e4sst sich trainieren. Ausgebildete Kreativit\u00e4tstrainer\/innen arbeiten mit Kindern, Jugendlichen, Erwachsenen, alten Menschen oder Teams, um durch methodische und technische Interventionen neue Blickfelder zu aktivieren.<\/p>\n<p>Die Arbeitsfelder sind im psychosozialen und p\u00e4dagogischen Bereich, in Seniorenheimen, Werkst\u00e4tten f\u00fcr Menschen mit Behinderung, in der Wirtschaft, im Freizeitbereich u.v.m.<\/p>\n<h2><img loading=\"lazy\" decoding=\"async\" class=\"size-medium wp-image-1945 aligncenter\" src=\"https:\/\/www.arundegschicht.at\/axams\/wp-content\/uploads\/2022\/02\/art-gbb877dac4_1920-300x298.jpg\" alt=\"\" width=\"300\" height=\"298\" srcset=\"https:\/\/www.arundegschicht.at\/axams\/wp-content\/uploads\/2022\/02\/art-gbb877dac4_1920-300x298.jpg 300w, https:\/\/www.arundegschicht.at\/axams\/wp-content\/uploads\/2022\/02\/art-gbb877dac4_1920-150x150.jpg 150w, https:\/\/www.arundegschicht.at\/axams\/wp-content\/uploads\/2022\/02\/art-gbb877dac4_1920-768x763.jpg 768w, https:\/\/www.arundegschicht.at\/axams\/wp-content\/uploads\/2022\/02\/art-gbb877dac4_1920.jpg 960w\" sizes=\"(max-width: 300px) 100vw, 300px\" \/><a href=\"https:\/\/www.arundegschicht.at\/axams\/wp-content\/uploads\/2022\/02\/crayon-g93712147b_1920.jpg\"><br \/>\n<img loading=\"lazy\" decoding=\"async\" class=\"size-medium wp-image-1941 aligncenter\" src=\"https:\/\/www.arundegschicht.at\/axams\/wp-content\/uploads\/2022\/02\/crayon-g93712147b_1920-300x200.jpg\" alt=\"\" width=\"300\" height=\"200\" srcset=\"https:\/\/www.arundegschicht.at\/axams\/wp-content\/uploads\/2022\/02\/crayon-g93712147b_1920-300x200.jpg 300w, https:\/\/www.arundegschicht.at\/axams\/wp-content\/uploads\/2022\/02\/crayon-g93712147b_1920-1024x683.jpg 1024w, https:\/\/www.arundegschicht.at\/axams\/wp-content\/uploads\/2022\/02\/crayon-g93712147b_1920-768x512.jpg 768w, https:\/\/www.arundegschicht.at\/axams\/wp-content\/uploads\/2022\/02\/crayon-g93712147b_1920-1536x1024.jpg 1536w, https:\/\/www.arundegschicht.at\/axams\/wp-content\/uploads\/2022\/02\/crayon-g93712147b_1920-690x462.jpg 690w, https:\/\/www.arundegschicht.at\/axams\/wp-content\/uploads\/2022\/02\/crayon-g93712147b_1920-390x261.jpg 390w, https:\/\/www.arundegschicht.at\/axams\/wp-content\/uploads\/2022\/02\/crayon-g93712147b_1920.jpg 1920w\" sizes=\"(max-width: 300px) 100vw, 300px\" \/><\/a><\/h2>\n<p><strong>Kontakt<\/strong><\/p>\n<p>Kaltschmid Melanie<br \/>\nTelefon: +43 (0) 660 95 43 962<br \/>\ne-Mail:\u00a0<a href=\"mailto:melanie@mk-psychotherapie.at\">melanie@mk-psychotherapie.at<\/a><\/p>\n<p>Web:\u00a0<a href=\"http:\/\/www.mk-psychotherapie.at\/\">www.mk-psychotherapie.at<\/a><\/p>\n<p>&nbsp;<\/p>\n","protected":false},"excerpt":{"rendered":"<p>Um im Leben flexibler handeln zu k\u00f6nnen, ben\u00f6tigen wir einen Zugang zu kreativem Denken. Kreativit\u00e4t ist angeboren und l\u00e4sst sich trainieren. Ausgebildete Kreativit\u00e4tstrainer\/innen arbeiten mit Kindern, Jugendlichen, Erwachsenen, alten Menschen <a class=\"more-link\" href=\"https:\/\/www.arundegschicht.at\/axams\/coaching\/kreativitaetstraining\/\">Weiterlesen \u2192<\/a><\/p>\n","protected":false},"author":3,"featured_media":0,"parent":19,"menu_order":0,"comment_status":"closed","ping_status":"closed","template":"","meta":{"footnotes":""},"_links":{"self":[{"href":"https:\/\/www.arundegschicht.at\/axams\/wp-json\/wp\/v2\/pages\/1939"}],"collection":[{"href":"https:\/\/www.arundegschicht.at\/axams\/wp-json\/wp\/v2\/pages"}],"about":[{"href":"https:\/\/www.arundegschicht.at\/axams\/wp-json\/wp\/v2\/types\/page"}],"author":[{"embeddable":true,"href":"https:\/\/www.arundegschicht.at\/axams\/wp-json\/wp\/v2\/users\/3"}],"replies":[{"embeddable":true,"href":"https:\/\/www.arundegschicht.at\/axams\/wp-json\/wp\/v2\/comments?post=1939"}],"version-history":[{"count":7,"href":"https:\/\/www.arundegschicht.at\/axams\/wp-json\/wp\/v2\/pages\/1939\/revisions"}],"predecessor-version":[{"id":2249,"href":"https:\/\/www.arundegschicht.at\/axams\/wp-json\/wp\/v2\/pages\/1939\/revisions\/2249"}],"up":[{"embeddable":true,"href":"https:\/\/www.arundegschicht.at\/axams\/wp-json\/wp\/v2\/pages\/19"}],"wp:attachment":[{"href":"https:\/\/www.arundegschicht.at\/axams\/wp-json\/wp\/v2\/media?parent=1939"}],"curies":[{"name":"wp","href":"https:\/\/api.w.org\/{rel}","templated":true}]}}