{"id":447,"date":"2013-07-02T11:29:44","date_gmt":"2013-07-02T09:29:44","guid":{"rendered":"http:\/\/www.arundegschicht.at\/psychotherapie\/?page_id=447"},"modified":"2024-01-19T09:14:56","modified_gmt":"2024-01-19T08:14:56","slug":"melanie-kaltschmid","status":"publish","type":"page","link":"https:\/\/www.arundegschicht.at\/axams\/team\/melanie-kaltschmid\/","title":{"rendered":"Melanie Kaltschmid, MSc"},"content":{"rendered":"<p><a href=\"https:\/\/www.arundegschicht.at\/axams\/wp-content\/uploads\/2022\/02\/foto-bestnet-kaltschmid-melanie.jpg\"><img loading=\"lazy\" decoding=\"async\" class=\"alignnone size-medium wp-image-1887\" src=\"https:\/\/www.arundegschicht.at\/axams\/wp-content\/uploads\/2022\/02\/foto-bestnet-kaltschmid-melanie-213x300.jpg\" alt=\"\" width=\"213\" height=\"300\" srcset=\"https:\/\/www.arundegschicht.at\/axams\/wp-content\/uploads\/2022\/02\/foto-bestnet-kaltschmid-melanie-213x300.jpg 213w, https:\/\/www.arundegschicht.at\/axams\/wp-content\/uploads\/2022\/02\/foto-bestnet-kaltschmid-melanie.jpg 394w\" sizes=\"(max-width: 213px) 100vw, 213px\" \/><\/a><\/p>\n<p style=\"font-weight: 400;\"><strong>Melanie Kaltschmid, MSc<\/strong><\/p>\n<ul>\n<li style=\"font-weight: 400;\">Psychotherapeutin in Ausbildung unter Supervision (Existenzanalyse)<\/li>\n<li style=\"font-weight: 400;\">Freischaffende K\u00fcnstlerin &amp; Kreativit\u00e4tstrainerin<\/li>\n<li style=\"font-weight: 400;\">(HR) Management<\/li>\n<li>Verheiratet, Mutter von 2 Kindern<\/li>\n<\/ul>\n<p style=\"font-weight: 400;\"><strong>Berufserfahrung &amp; Praktika<\/strong><\/p>\n<ul>\n<li style=\"font-weight: 400;\">Ambulanz f\u00fcr Kinder- und Jugendpsychiatrie, Psychotherapie &amp; Psychosomatik, Tirol Kliniken, Hall<\/li>\n<li style=\"font-weight: 400;\">Telefonische Beratungsstelle, Di\u00f6zese Innsbruck<\/li>\n<li style=\"font-weight: 400;\">Der Brunnen im DEZ- Beratung und Seelsorge, Di\u00f6zese Innsbruck<\/li>\n<li style=\"font-weight: 400;\">Therapeut. Frauen-Atelier \u201eKunst &amp; Dr\u00fcber\u201c, TAfIE<\/li>\n<li style=\"font-weight: 400;\">Suchtstation B3, Tirol Kliniken, Hall<\/li>\n<li style=\"font-weight: 400;\">Therapeut. Jugend-WG \u201eSpace\u201c, ProMente<\/li>\n<li>Seit 2016: Freischaffende K\u00fcnstlerin<\/li>\n<li style=\"font-weight: 400;\">Leitung eines Hotelbetriebes mit &gt; 45 MitarbeiterInnen (2009 \u2013 2020)<\/li>\n<\/ul>\n<p style=\"font-weight: 400;\"><strong>Ausbildungen<\/strong><\/p>\n<ul>\n<li style=\"font-weight: 400;\">seit 2019 ULG Existenzanalyse und Logotherapie (GLE, Universit\u00e4t Salzburg)<\/li>\n<li style=\"font-weight: 400;\">2017 \u2013 2019 Psychotherapeut. Prop\u00e4deutikum (VRP)<\/li>\n<li style=\"font-weight: 400;\">2019 &#8211; 2020 Zertifizierte Kreativit\u00e4tstrainerin (IKL)<\/li>\n<li style=\"font-weight: 400;\">2007 Ausbildung zur Rettungssanit\u00e4terin im \u00d6sterreichischen Rotes Kreuz<\/li>\n<li style=\"font-weight: 400;\">2005 \u2013 2009 Matura, KORG Kettenbr\u00fccke Innsbruck<\/li>\n<\/ul>\n<p style=\"font-weight: 400;\"><strong>Zusatzqualifikationen<\/strong><\/p>\n<ul>\n<li style=\"font-weight: 400;\">seit 2020 Kinder- &amp; Jugendpsychotherapie (GLE)<\/li>\n<\/ul>\n<p style=\"font-weight: 400;\"><strong>Settings<\/strong><\/p>\n<ul>\n<li style=\"font-weight: 400;\">Einzeln, Familien<\/li>\n<\/ul>\n<p style=\"font-weight: 400;\"><strong>Schwerpunkte<\/strong><\/p>\n<ul>\n<li style=\"font-weight: 400;\">Therapeutisches Arbeiten mit Erwachsenen, Kindern und Jugendlichen<\/li>\n<li style=\"font-weight: 400;\">Kreatives Arbeiten mit Erwachsenen, Kindern und Jugendlichen<\/li>\n<\/ul>\n<p style=\"font-weight: 400;\"><strong>Kontakt<\/strong><\/p>\n<p style=\"font-weight: 400;\">Kaltschmid Melanie<br \/>\nTelefon: <a href=\"tel:+43.6609543926\">+43 (0) 660 95 43 926<\/a><br \/>\ne-Mail:\u00a0<a href=\"mailto:melanie@mk-psychotherapie.at\">melanie@mk-psychotherapie.at<\/a><\/p>\n<p>Web: <a href=\"http:\/\/www.mk-psychotherapie.at\/\">www.mk-psychotherapie.at<\/a><\/p>\n","protected":false},"excerpt":{"rendered":"<p>Melanie Kaltschmid, MSc Psychotherapeutin in Ausbildung unter Supervision (Existenzanalyse) Freischaffende K\u00fcnstlerin &amp; Kreativit\u00e4tstrainerin (HR) Management Verheiratet, Mutter von 2 Kindern Berufserfahrung &amp; Praktika Ambulanz f\u00fcr Kinder- und Jugendpsychiatrie, Psychotherapie &amp; <a class=\"more-link\" href=\"https:\/\/www.arundegschicht.at\/axams\/team\/melanie-kaltschmid\/\">Weiterlesen \u2192<\/a><\/p>\n","protected":false},"author":3,"featured_media":1887,"parent":15,"menu_order":3,"comment_status":"closed","ping_status":"closed","template":"","meta":{"footnotes":""},"_links":{"self":[{"href":"https:\/\/www.arundegschicht.at\/axams\/wp-json\/wp\/v2\/pages\/447"}],"collection":[{"href":"https:\/\/www.arundegschicht.at\/axams\/wp-json\/wp\/v2\/pages"}],"about":[{"href":"https:\/\/www.arundegschicht.at\/axams\/wp-json\/wp\/v2\/types\/page"}],"author":[{"embeddable":true,"href":"https:\/\/www.arundegschicht.at\/axams\/wp-json\/wp\/v2\/users\/3"}],"replies":[{"embeddable":true,"href":"https:\/\/www.arundegschicht.at\/axams\/wp-json\/wp\/v2\/comments?post=447"}],"version-history":[{"count":15,"href":"https:\/\/www.arundegschicht.at\/axams\/wp-json\/wp\/v2\/pages\/447\/revisions"}],"predecessor-version":[{"id":2313,"href":"https:\/\/www.arundegschicht.at\/axams\/wp-json\/wp\/v2\/pages\/447\/revisions\/2313"}],"up":[{"embeddable":true,"href":"https:\/\/www.arundegschicht.at\/axams\/wp-json\/wp\/v2\/pages\/15"}],"wp:featuredmedia":[{"embeddable":true,"href":"https:\/\/www.arundegschicht.at\/axams\/wp-json\/wp\/v2\/media\/1887"}],"wp:attachment":[{"href":"https:\/\/www.arundegschicht.at\/axams\/wp-json\/wp\/v2\/media?parent=447"}],"curies":[{"name":"wp","href":"https:\/\/api.w.org\/{rel}","templated":true}]}}